, what is -38 - 33?
-72
In base 10, what is 37 + -78?
-41
In base 10, what is -5 + 58?
53
In base 11, what is -265 + 2?
-263
In base 8, what is -3 - 50?
-53
In base 14, what is 5 + 16?
1b
In base 7, what is 55 + 163?
251
In base 2, what is -101 + -100101110?
-100110011
In base 7, what is -5 + -300?
-305
In base 2, what is 100000 - 0?
100000
In base 13, what is 1 - 3a6?
-3a5
In base 7, what is -4 - 123?
-130
In base 7, what is -11524 + 10?
-11514
In base 6, what is 10 - -3023?
3033
In base 8, what is 5 + -41?
-34
In base 16, what is 2 - 163?
-161
In base 16, what is 0 - -81?
81
In base 4, what is 301 - 1331?
-1030
In base 3, what is 100 + 1121210?
1122010
In base 12, what is -a - -a7?
99
In base 10, what is 244 - -10?
254
In base 14, what is d4 + -5?
cd
In base 11, what is 78 + -3?
75
In base 11, what is 2a - 1?
29
In base 7, what is -3 - 111?
-114
In base 13, what is 4 + 128?
12c
In base 3, what is 2221 - -110?
10101
In base 16, what is -3 + -1c?
-1f
In base 5, what is -31221 - -2?
-31214
In base 16, what is 2e8 - 0?
2e8
In base 10, what is 155 + -58?
97
In base 13, what is 3 - -a1?
a4
In base 10, what is -4 - 4313?
-4317
In base 16, what is -5c + -2?
-5e
In base 15, what is -c - -72?
65
In base 5, what is -33 + 22114?
22031
In base 2, what is 1 - 10101111101?
-10101111100
In base 14, what is 65 + -9?
5a
In base 6, what is 10 + 144?
154
In base 9, what is -413 - -5?
-407
In base 5, what is -2212 - -10?
-2202
In base 9, what is 21 - 10?
11
In base 14, what is -5 - 3a0?
-3a5
In base 16, what is -294 - 5?
-299
In base 13, what is -15a - -2?
-158
In base 13, what is 6 - -48?
51
In base 5, what is -23412 + -23?
-23440
In base 4, what is -13000 - 13?
-13013
In base 10, what is 1 + 111?
112
In base 4, what is -122021 - -2?
-122013
In base 14, what is 1c - -61?
7d
In base 8, what is 2342 + -4?
2336
In base 14, what is -4 + 53?
4d
In base 2, what is -100 + 11011?
10111
In base 8, what is -301 - 2?
-303
In base 7, what is 15 + 5?
23
In base 5, what is 2424 + 2?
2431
In base 12, what is 3 + -1a0?
-199
In base 9, what is 104 - 323?
-218
In base 12, what is -307 + -30?
-337
In base 12, what is -ab + -3?
-b2
In base 3, what is -122 + 221?
22
In base 13, what is 4 - 0?
4
In base 8, what is 3 - -276?
301
In base 14, what is 1c5 + -4?
1c1
In base 6, what is 2512 + 4?
2520
In base 12, what is -19 + -16?
-33
In base 6, what is 4 - 125?
-121
In base 15, what is 78 + 1?
79
In base 11, what is -77 - -1?
-76
In base 2, what is -100 + 1001101?
1001001
In base 2, what is -10000110 - 1001011?
-11010001
In base 4, what is 0 - 10022?
-10022
In base 3, what is 112 - 22?
20
In base 3, what is 12211 + -20?
12121
In base 6, what is -102 - 155?
-301
In base 4, what is 3 + -23000?
-22331
In base 6, what is 11 - -2?
13
In base 11, what is -5 - 24?
-29
In base 7, what is -34621 - -4?
-34614
In base 3, what is -22 + 12?
-10
In base 13, what is -1 - -4b?
4a
In base 12, what is 2 - 28?
-26
In base 15, what is 3 - -85?
88
In base 15, what is -3 + -641?
-644
In base 3, what is 0 - 11201210?
-11201210
In base 10, what is -4 - -13?
9
In base 12, what is 7 - -3044?
304b
In base 10, what is -8 + -13?
-21
In base 16, what is -1 - -263?
262
In base 10, what is -563 + -3?
-566
In base 15, what is -10 - 12?
-22
In base 14, what is 2c2 - -20?
302
In base 10, what is 118 - -1?
119
In base 7, what is -4 - -44?
40
In base 8, what is 3 + -36?
-33
In base 9, what is -2 + 1605?
1603
In base 4, what is 13 + -23?
-10
In base 9, what is 511 - 0?
511
In base 13, what is -5 + -50?
-55
In base 10, what is 46 - -4?
50
In base 9, what is -372 + -4?
-376
In base 13, what is 3 + 1bc?
1c2
In base 9, what is 5 - -426?
432
In base 4, what is 11013 + 3?
11022
In base 7, what is -2 + -2332?
-2334
In base 13, what is 17b7 - -2?
17b9
In base 13, what is -355 + 3?
-352
In base 8, what is 1 - 355?
-354
In base 5, what is -4 + -32?
-41
In base 7, what is -4 - -232?
225
In base 7, what is 3 - 3536?
-3533
In base 10, what is -38 - 260?
-298
In base 9, what is 88 - 72?
16
In base 4, what is 20 + -11?
3
In base 7, what is 22 - 36?
-14
In base 8, what is 5 - 304?
-277
In base 7, what is -53231 + 5?
-53223
In base 6, what is 30 - 2?
24
In base 16, what is 188 - -4?
18c
In base 10, what is -13 - 10?
-23
In base 11, what is -9 + -12?
-20
In base 14, what is -6c + -a?
-78
In base 4, what is 2323 + 2?
2331
In base 3, what is 2 + -22000?
-21221
In base 3, what is 1002 + 1011?
2020
In base 8, what is 35 + -532?
-475
In base 3, what is -22 + 10?
-12
In base 11, what is -20 - a?
-2a
In base 7, what is -24 + 12?
-12
In base 13, what is 1745 - -2?
1747
In base 7, what is -4 - 410?
-414
In base 6, what is 10 - 532?
-522
In base 13, what is -8 + 16?
b
In base 8, what is -2147 - 4?
-2153
In base 4, what is 21301 + 11?
21312
In base 13, what is -12b5 - 4?
-12b9
In base 7, what is -3 - -5214?
5211
In base 15, what is -5bc2 - -4?
-5bbd
In base 7, what is -1133 - 5?
-1141
In base 15, what is -1 - -4?
3
In base 8, what is 170 + 11?
201
In base 16, what is -367 + -a?
-371
In base 13, what is -8 - -1b?
13
In base 16, what is 25 + -f?
16
In base 9, what is -1 - 3617?
-3618
In base 12, what is 4 + -a1?
-99
In base 8, what is 1 + 51?
52
In base 13, what is 14 - 0?
14
In base 4, what is -11230 - -2?
-11222
In base 8, what is -3 + 212?
207
In base 4, what is -20 - -202?
122
In base 3, what is -22121 - -12?
-22102
In base 12, what is b2 + 6?
b8
In base 12, what is -1 - 377?
-378
In base 10, what is -860 - 16?
-876
In base 5, what is -1 + -243?
-244
In base 16, what is 1 - -37?
38
In base 14, what is 739 + -5?
734
In base 5, what is 10033 - 10?
10023
In base 9, what is -1652 - 2?
-1654
In base 9, what is 12 - 62?
-50
In base 4, what is 0 - -23100?
23100
In base 12, what is 3 - -1494?
1497
In base 15, what is 20a5 + 3?
20a8
In base 14, what is 25 - -10a?
131
In base 5, what is -12 + 312?
300
In base 5, what is -32330 + -4?
-32334
In base 8, what is 37 + 171?
230
In base 16, what is c + -269?
-25d
In base 2, what is -10 - 1001100011?
-1001100101
In base 15, what is 3 + -52e?
-52b
In base 4, what is 1131 + -112?
1013
In base 10, what is -111 + -4?
-115
In base 8, what is 5 + 31?
36
In base 4, what is 112 - 3121?
-3003
In base 11, what is 13 + 31?
44
In base 5, what is -2 + -2?
-4
In base 5, what is 2414 + -2?
2412
In base 4, what is 113 + 10?
123
In base 4, what is -13000 - 3?
-13003
In base 3, what is 100 + 1122?
1222
In base 7, what is 23 + 0?
23
In base 11, what is -1227 - -4?
-1223
In base 10, what is 43 - 8?
35
In base 10, what is -105 - 2?
-107
In base 15, what is -66 + 29?
-3c
In base 9, what is 341 - -3?
344
In base 12, what is 3 + 34?
37
In base 4, what is 1 + 1023?
1030
In base 5, what is -10222 + -10?
-10232
In base 8, what is 1443 + 4?
1447
In base 6, what is 1333 - -3?
1340
In base 7, what is -3 + -6344?
-6350
In base 10, what is -3 - 498?
-501
In base 3, what is -102 - 112110?
-112212
In base 12, what is 1 + 241b?
2420
In base 12, what is -aa - 2?
-b0
In base 13, what is -2 + -8?
-a
In base 5, what is -1000 - -11?
-434
In base 7, what is -2 + -2642?
-2644
In base 2, what is 1 - -10011011?
10011100
In base 16, what is 0 + 30?
30
In base 11, what is -28 + 15?
-13
In base 14, what is -3 + -2b1?
-2b4
In base 16, what is -4 + -125?
-129
In base 9, what is 5 + -4628?
-4623
In base 4, what is -2 + -130?
-132
In base 10, what is 94 + -241?
-147
In base 9, what is 1728 + 5?
1734
In base 10, what is -40 - 35?
-75
In base 16, what is 9 - -35?
3e
In base 3, what is 100221 - 2201?
21020
In base 6, what is -1 + -1125?
-1130
In base 15, what is -e + -41?
-50
In base 3, what is -12 - -2100?
2011
In base 5, what is 0 - -2011?
2011
In base 7, what is 20 - 1120?
-1100
In base 3, what is 112 - 10002?
-2120
In base 12, what is 5 - -158?
161
In base 5, what is 41443 + -4?
41434
In base 5, what is 21133 + 4?
21142
In base 3, what is -22 - 2121?
-2220
In base 14, what is -6 - 11?
-17
In base 2, what is 101100 + 10001000?
10110100
In base 12, what is -b - a?
-19
In base 4, what is -11 + -2332?
-3003
In base 14, what is -d - -5?
-8
In base 9, what is -1102 - 4?
-1106
In base 10, what is -5 + 337?
332
In base 2, what is -100 - -11001011?
11000111
In base 4, what is -233302 - 3?
-233311
In base 10, what is -313 - 5?
-318
In base 7, what is 5 + -56?
-51
In base 4